-36 - -38. Let y(s) = -16*s + 101. Calculate the remainder when y(x) is divided by 14.
13
Suppose -302*z + 10002 = -8*z - 433938. Calculate the remainder when z is divided by 76.
66
Let h(y) = 30*y**2 + 152*y - 301. What is the remainder when h(2) is divided by 14?
11
Suppose 0*h = 2*h. Let m = h + 18. Let g = 183 + -151. What is the remainder when g is divided by m?
14
Let r be (2 + -1 + -2)*(2 + -200). Let q = -181 + r. What is the remainder when 31 is divided by q?
14
Let j(y) = -y**2 + 3*y + 32. Let z = -32 - -100. Calculate the remainder when z is divided by j(6).
12
Suppose 0 = -2*j + 163*m - 158*m + 1218, -4*j = -5*m - 2456. Calculate the remainder when j is divided by 31.
30
Let a = 2 + 122. Let f be (-153)/(-21) + 10/(-35). Suppose 14 + f = b. Calculate the remainder when a is divided by b.
19
Suppose 4*o + 2*i = 946, -15*i + 15 = -18*i. Calculate the remainder when 1454 is divided by o.
20
Let o(z) = 4*z - 5. Suppose 187 = 7*m + 1272. Let i = -137 - m. What is the remainder when i is divided by o(2)?
0
Let v(z) = 646*z - 3215. Let k be (-69)/(-6) - 3/(-6). Let d(h) = 2*h + 1. Calculate the remainder when d(k) is divided by v(5).
10
Let l(h) be the third derivative of -h**6/120 + 19*h**5/60 - 5*h**4/6 + 73*h**3/6 - 12*h**2 - 2. What is the remainder when 139 is divided by l(18)?
28
Let i(k) = 331*k + 5750. Calculate the remainder when 1385 is divided by i(-16).
23
Suppose -5*m + 46 = -4*o, 5*m - 15*o + 14*o = 49. What is the remainder when 398/16 + 1/8 is divided by m?
5
Let w be -2*(60/8)/(-5) - 32. Calculate the remainder when 38 is divided by 0 - -17 - (w - -29).
4
Calculate the remainder when 148 is divided by -10 + (-123)/(-12) - 1158/(-8).
3
Suppose o + 5*m = -16, o - 3*m - 9 = 7. Suppose d + 5*c - 10*c = 126, 0 = o*c. What is the remainder when d is divided by 16?
14
Suppose y - 8 = 7. What is the remainder when (6 - (4 - -13)) + (-3 - -96) is divided by y?
7
Suppose -386 = 5*r + 4*y, -r - 3*r + 2*y = 288. Let x = r - -73. Calculate the remainder when 8/(-2) + (-39)/x is divided by 6.
5
Let t(v) = 195*v - 10. Let b be t(2). Let m = b - 324. What is the remainder when m is divided by 19?
18
Calculate the remainder when (-147)/(-14)*(1650/9)/5 is divided by 374.
11
Let c(l) = 6*l**2 - 70*l + 5. Let b be c(6). Let k = -135 - b. Calculate the remainder when 111 is divided by k.
47
Let v(r) = -r**2 + 32*r + 196. Let m(c) = c**3 + 6*c**2 + 8*c + 10. Let x be m(-5). Let q(u) = 20*u + 3. Calculate the remainder when q(3) is divided by v(x).
8
Suppose 0 = 3*x - 32*t + 31*t - 76, 0 = -2*x + 5*t + 55. Let r(h) = -2*h**2 + 50*h + 29. What is the remainder when 113 is divided by r(x)?
26
Let u = -434 + 500. Calculate the remainder when u is divided by 48.
18
Suppose 4*b + 5*o = -26, 2*o - 4*o + 4 = -2*b. Let a(v) = 4*v**2 + 4*v - 4. Calculate the remainder when 85 is divided by a(b).
41
What is the remainder when (20 - 297262/(-85)) + (-1)/5 is divided by 51?
49
Suppose d - 1 = 0, 5*d - 201 = 4*q - 0*d. Suppose g - 2*j + 104 - 34 = 0, 4*j - 80 = g. Let i = q - g. Calculate the remainder when 153 is divided by i.
10
Suppose -77 = -3*x + 5*u, u + 118 = 5*x + 3*u. Let w = -4 + 6. Suppose -4*k = w*k - x. What is the remainder when 38 is divided by k?
2
Let x be 6/((-12)/(-64)*-2). Let j = x + 47. Let q = 0 + j. Calculate the remainder when q is divided by 7.
3
Suppose -4*x = -2*h - 884, 70*x - 5*h = 67*x + 670. Calculate the remainder when 1529 is divided by x.
209
Suppose -22*t + 656 = -356. Suppose 0 = 22*n - t*n + 1200. What is the remainder when n is divided by (-3)/(-2)*(-174)/(-9)?
21
Suppose -4*n + 4*z + 2577 = 1897, -z = -2*n + 331. What is the remainder when 1285 is divided by n?
158
Suppose -13 = -5*z + 42. Suppose 0*d = -z*d + 2354. Calculate the remainder when d is divided by 18.
16
Let c(r) = -28*r + 6 + 24*r - 1 - 2*r**2. Let x be c(-8). Let m = -62 - x. Calculate the remainder when m is divided by 8.
5
Let q = 197 + -195. Suppose q*b = -4*b + 168. What is the remainder when 222 is divided by b?
26
Suppose 1140*g - z = 1138*g + 256, 0 = 4*g + 3*z - 522. Suppose -5*k = -k - 16, 0 = -4*p + 5*k + 68. Calculate the remainder when g is divided by p.
19
Let o(w) = w + 20. Let p(u) = u**2 + 7*u. Let g be p(-6). Let r be 13/(g/1 - -5). Calculate the remainder when 14 is divided by o(r).
0
Let p = -2815 - -3110. What is the remainder when p is divided by 52?
35
Let u be (-140)/2 + (-7 + 3 - -6). Let s be -3 - u/6*3. Let m = s + -17. Calculate the remainder when m is divided by 12.
2
Let i(f) = 92*f + 70. Let u be i(-4). Let s = -245 - u. Let d = 17 + -5. Calculate the remainder when s is divided by d.
5
Suppose 0 = 2*q + 2*r - 564, 289*q - 292*q = 5*r - 842. What is the remainder when q is divided by 60?
44
Suppose 4*l - 19 = 5. Suppose -4*m + 2 + l = 0. Suppose 7 = 3*q - m. Calculate the remainder when q is divided by 3.
0
Let x = 9790 + -9755. Calculate the remainder when 429 is divided by x.
9
Let a = -37355 - -39025. What is the remainder when a is divided by 48?
38
Let h = 13059 - 13044. What is the remainder when 1167 is divided by h?
12
Suppose -5*h - 27 - 12 = -4*i, 5*h - 15 = -5*i. Let u be (-1826)/10 + 9/15. Let w = u + 198. Calculate the remainder when w is divided by i.
4
Suppose 515*k - 44446 = 18899. Calculate the remainder when 14141 is divided by k.
119
Let c be -1*(-5 - -11)*(-2)/(-4). Calculate the remainder when 557 is divided by 1 - (-8 - (12 + c)).
17
Let x(r) = 28*r - 5*r**2 - 6*r**2 - 45*r - r**3 + 24*r - 36. What is the remainder when 69 is divided by x(-12)?
21
Let f(k) = -36*k + 46. Let x be 2*(-1)/4*-2. Calculate the remainder when 68/x - (4 - 5) is divided by f(1).
9
Suppose -m - 5*n + 9 = 0, -8*m + 11*m + n - 41 = 0. Suppose m - 4 = -2*d, 0 = -s - 3*d + 12. Calculate the remainder when 214 is divided by s.
25
Suppose -4*l + 20898 - 1142 = -2132. Calculate the remainder when l is divided by 1823.
3
Let w(z) = -21*z + 7. Let f be -12*(1 - 4/8). Let a(l) = -7*l + 2. Let s(v) = f*w(v) + 17*a(v). What is the remainder when s(5) is divided by 10?
7
Suppose 0 = 3*l + 5*b - 201 - 104, 422 = 4*l - b. What is the remainder when 822 is divided by l?
87
Suppose p + 2*p - 156 = -4*j, -230 = -4*p + 2*j. Suppose -p*f = -53*f - 168. What is the remainder when f is divided by 35?
21
Let m = 87 + -49. Suppose 325 = 10*j + 75. Let v = m - j. Calculate the remainder when 62 is divided by v.
10
Suppose 5*h - 10285 = -c, -5*h - 5*c + 2254 + 8031 = 0. Calculate the remainder when h is divided by 103.
100
Let v(t) be the first derivative of -2*t**3/3 + 31*t**2/2 - 32*t - 104. Calculate the remainder when 228 is divided by v(13).
30
Let z be 9/(-3) - (-1 + 1). Let m(h) = -9*h - 145. Calculate the remainder when (-520)/z - 5/15 is divided by m(-21).
41
Suppose -4*g = g - 5*l - 810, 0 = 3*l + 12. What is the remainder when g is divided by 130/3*54/45?
2
Let w(z) be the second derivative of 25*z**3/6 - 17*z**2 - 77*z. What is the remainder when w(5) is divided by 29?
4
Suppose -115 = -4*q - 127. Let w(x) = -24*x - 66. What is the remainder when 32 is divided by w(q)?
2
Let u = 512 - -65. Suppose 8*j - u - 519 = 0. What is the remainder when j is divided by 47?
43
Suppose -f - 1 - 2 = -5*b, -3*f + 2*b - 48 = 0. What is the remainder when 14 is divided by (0 + 4)*f/(-24)?
2
Let s = -3701 - -3773. What is the remainder when s is divided by 72?
0
Let z = 45 - 40. Suppose -d - c + 19 = 2*d, z*d - 29 = -3*c. Let b(u) = -u**3 + 7*u**2 + 3*u + 3. Calculate the remainder when b(d) is divided by 13.
11
Let v(x) = -x**3 - 4*x**2 - 2*x - 4. Let a be v(-4). Suppose -11*p + 2*p = -576. Suppose 0 = -a*b + 8*b - p. What is the remainder when 39 is divided by b?
7
Let q(u) = 7*u**3 - 5*u**2 + 4*u. What is the remainder when q(3) is divided by (144/(-15))/((11016/180)/(-102))?
12
Suppose -239*m + 10779 = -67*m - 7969. What is the remainder when m is divided by 42?
25
Let f(q) = 31*q - 99. Suppose -4524 = -22*x - 17*x. Calculate the remainder when x is divided by f(4).
16
Let z(u) = 3*u - 20. Let f be z(6). Let g = f - -6. Suppose 0 = n - 15 + g. Calculate the remainder when 31 is divided by n.
9
Let u(f) = -5*f. Let s be u(0). Suppose 0*v - 7*v + 336 = s. Calculate the remainder when v is divided by 7.
6
Suppose -16*h - 1432 = -1592. Let n = -53 + 170